{"id":61,"date":"2016-10-24T20:35:33","date_gmt":"2016-10-24T23:35:33","guid":{"rendered":"http:\/\/www.sindpdal.org.br\/?page_id=61"},"modified":"2024-08-06T15:42:43","modified_gmt":"2024-08-06T18:42:43","slug":"convencoes-e-acordos","status":"publish","type":"page","link":"https:\/\/www.sindpdal.org.br\/index.php\/convencoes-e-acordos\/","title":{"rendered":"Conven\u00e7\u00f5es e Acordos"},"content":{"rendered":"<p style=\"text-align: justify;\">Voc\u00ea pode consultar as nossas Conven\u00e7\u00f5es Coletivas e os Acordos Coletivos atrav\u00e9s do Sistema de Negocia\u00e7\u00f5es Coletivas de Trabalho (MEDIADOR) disponibilizado no site do Minist\u00e9rio do Trabalho informado abaixo, ou nos links que disponibilizamos.<\/p>\n<p>&#8220;Conforme o artigo 614 da CLT, a Conven\u00e7\u00e3o Coletiva de Trabalho, devidamente assinada, ter\u00e1 que ser registrada no site do Minist\u00e9rio do Trabalho e Emprego (MTE), pelo Sistema Mediador das Rela\u00e7\u00f5es de Trabalho. Por\u00e9m, sua efic\u00e1cia independe do registro no MTE, vez que tal exig\u00eancia possui fins meramente cadastrais e de publicidade. A efic\u00e1cia da Conven\u00e7\u00e3o Coletiva de Trabalho surge com a assinatura da mesma pelas partes convenentes (no caso, os sindicatos das categorias econ\u00f4mica e profissional).&#8221;<\/p>\n<p style=\"text-align: justify;\">Sistema Mediador:\u00a0<a href=\"http:\/\/www3.mte.gov.br\/sistemas\/mediador\/ConsultarInstColetivo\">http:\/\/www3.mte.gov.br\/sistemas\/mediador\/ConsultarInstColetivo<\/a><\/p>\n<hr \/>\n<h5 style=\"text-align: justify;\">Conven\u00e7\u00f5es Coletivas<\/h5>\n<p><a href=\"https:\/\/www.sindpdal.org.br\/wp-content\/uploads\/2024\/08\/CCT-2024-2025.pdf\">CCT 2024-2025<\/a><\/p>\n<p><a href=\"https:\/\/www.sindpdal.org.br\/wp-content\/uploads\/2023\/09\/ACT-2023-2024-homologada-MTE.pdf\">CCT &#8211; 2023<\/a><\/p>\n<p><a href=\"https:\/\/www.sindpdal.org.br\/wp-content\/uploads\/2022\/10\/CONVEN\u00c7\u00c3O-COLETIVA-2022-2023-SINDPDAL.docm\">CCT &#8211; 2022<\/a><\/p>\n<p style=\"text-align: justify;\"><a tabindex=\"-1\" href=\"http:\/\/www.sindpdal.org.br\/wp-content\/uploads\/2021\/07\/CCT-2021-REGISTRADA.doc\" target=\"_blank\" rel=\"noopener\">CCT &#8211; 2021<\/a><\/p>\n<p style=\"text-align: justify;\"><a href=\"http:\/\/www.sindpdal.org.br\/wp-content\/uploads\/2017\/04\/CCT-2020-2021.pdf\">CCT &#8211; 2020<\/a><\/p>\n<p><a href=\"http:\/\/www.sindpdal.org.br\/wp-content\/uploads\/2019\/10\/CCT-2019-2020.pdf\">CCT &#8211; 2019<\/a><\/p>\n<p style=\"text-align: justify;\"><span style=\"color: #0000ff;\"><a href=\"http:\/\/www.sindpdal.org.br\/wp-content\/uploads\/2016\/10\/CCT-2018-3.pdf\">CCT &#8211; 2018<\/a><\/span><\/p>\n<p style=\"text-align: justify;\"><a href=\"http:\/\/www.sindpdal.org.br\/wp-content\/uploads\/2016\/10\/CCT-2017.doc\">CCT &#8211; 2017<\/a><\/p>\n<p><a href=\"http:\/\/www.sindpdal.org.br\/wp-content\/uploads\/2016\/10\/CCT-2016.pdf\">CCT &#8211; 2016<\/a><\/p>\n<p><a href=\"http:\/\/www.sindpdal.org.br\/wp-content\/uploads\/2016\/10\/CCT-2015.pdf\">CCT &#8211; 2015<\/a><\/p>\n<p><a href=\"http:\/\/www.sindpdal.org.br\/wp-content\/uploads\/2016\/10\/CCT-2014.pdf\">CCT &#8211; 2014<\/a><\/p>\n<p><a href=\"http:\/\/www.sindpdal.org.br\/wp-content\/uploads\/2016\/10\/CCT-2013.pdf\">CCT &#8211; 2013<\/a><\/p>\n<p><a href=\"http:\/\/www.sindpdal.org.br\/wp-content\/uploads\/2016\/10\/CCT-2012.pdf\">CCT &#8211; 2012<\/a><\/p>\n<p><a href=\"http:\/\/www.sindpdal.org.br\/wp-content\/uploads\/2016\/10\/CCT-2011.pdf\">CCT &#8211; 2011<\/a><\/p>\n<h5>Acordos Coletivos de Trabalhos<\/h5>\n<div id=\"icpbravoaccess_loaded\"><\/div>\n<div id=\"icpbravoaccess_loaded\"><\/div>\n<div id=\"icpbravoaccess_loaded\"><\/div>\n<div id=\"icpbravoaccess_loaded\"><\/div>\n<div id=\"icpbravoaccess_loaded\"><\/div>\n","protected":false},"excerpt":{"rendered":"<p>Voc\u00ea pode consultar as nossas Conven\u00e7\u00f5es Coletivas e os Acordos Coletivos atrav\u00e9s do Sistema de Negocia\u00e7\u00f5es Coletivas de Trabalho (MEDIADOR) disponibilizado no site do Minist\u00e9rio do Trabalho informado abaixo, ou nos links que disponibilizamos. &#8220;Conforme o artigo 614 da CLT, a Conven\u00e7\u00e3o Coletiva de Trabalho, devidamente assinada, ter\u00e1 que ser registrada no site do Minist\u00e9rio [&hellip;]<\/p>\n","protected":false},"author":1,"featured_media":0,"parent":0,"menu_order":0,"comment_status":"closed","ping_status":"closed","template":"","meta":{"footnotes":""},"class_list":["post-61","page","type-page","status-publish","hentry"],"yoast_head":"<!-- This site is optimized with the Yoast SEO plugin v27.5 - https:\/\/yoast.com\/product\/yoast-seo-wordpress\/ -->\n<title>Conven\u00e7\u00f5es e Acordos &#8211; SINDPD-AL<\/title>\n<meta name=\"robots\" content=\"index, follow, max-snippet:-1, max-image-preview:large, max-video-preview:-1\" \/>\n<link rel=\"canonical\" href=\"https:\/\/www.sindpdal.org.br\/index.php\/convencoes-e-acordos\/\" \/>\n<meta property=\"og:locale\" content=\"pt_BR\" \/>\n<meta property=\"og:type\" content=\"article\" \/>\n<meta property=\"og:title\" content=\"Conven\u00e7\u00f5es e Acordos &#8211; SINDPD-AL\" \/>\n<meta property=\"og:description\" content=\"Voc\u00ea pode consultar as nossas Conven\u00e7\u00f5es Coletivas e os Acordos Coletivos atrav\u00e9s do Sistema de Negocia\u00e7\u00f5es Coletivas de Trabalho (MEDIADOR) disponibilizado no site do Minist\u00e9rio do Trabalho informado abaixo, ou nos links que disponibilizamos. &#8220;Conforme o artigo 614 da CLT, a Conven\u00e7\u00e3o Coletiva de Trabalho, devidamente assinada, ter\u00e1 que ser registrada no site do Minist\u00e9rio [&hellip;]\" \/>\n<meta property=\"og:url\" content=\"https:\/\/www.sindpdal.org.br\/index.php\/convencoes-e-acordos\/\" \/>\n<meta property=\"og:site_name\" content=\"SINDPD-AL\" \/>\n<meta property=\"article:modified_time\" content=\"2024-08-06T18:42:43+00:00\" \/>\n<meta name=\"twitter:card\" content=\"summary_large_image\" \/>\n<meta name=\"twitter:label1\" content=\"Est. tempo de leitura\" \/>\n\t<meta name=\"twitter:data1\" content=\"1 minuto\" \/>\n<script type=\"application\/ld+json\" class=\"yoast-schema-graph\">{\"@context\":\"https:\\\/\\\/schema.org\",\"@graph\":[{\"@type\":\"WebPage\",\"@id\":\"https:\\\/\\\/www.sindpdal.org.br\\\/index.php\\\/convencoes-e-acordos\\\/\",\"url\":\"https:\\\/\\\/www.sindpdal.org.br\\\/index.php\\\/convencoes-e-acordos\\\/\",\"name\":\"Conven\u00e7\u00f5es e Acordos &#8211; SINDPD-AL\",\"isPartOf\":{\"@id\":\"https:\\\/\\\/www.sindpdal.org.br\\\/#website\"},\"datePublished\":\"2016-10-24T23:35:33+00:00\",\"dateModified\":\"2024-08-06T18:42:43+00:00\",\"breadcrumb\":{\"@id\":\"https:\\\/\\\/www.sindpdal.org.br\\\/index.php\\\/convencoes-e-acordos\\\/#breadcrumb\"},\"inLanguage\":\"pt-BR\",\"potentialAction\":[{\"@type\":\"ReadAction\",\"target\":[\"https:\\\/\\\/www.sindpdal.org.br\\\/index.php\\\/convencoes-e-acordos\\\/\"]}]},{\"@type\":\"BreadcrumbList\",\"@id\":\"https:\\\/\\\/www.sindpdal.org.br\\\/index.php\\\/convencoes-e-acordos\\\/#breadcrumb\",\"itemListElement\":[{\"@type\":\"ListItem\",\"position\":1,\"name\":\"In\u00edcio\",\"item\":\"https:\\\/\\\/www.sindpdal.org.br\\\/\"},{\"@type\":\"ListItem\",\"position\":2,\"name\":\"Conven\u00e7\u00f5es e Acordos\"}]},{\"@type\":\"WebSite\",\"@id\":\"https:\\\/\\\/www.sindpdal.org.br\\\/#website\",\"url\":\"https:\\\/\\\/www.sindpdal.org.br\\\/\",\"name\":\"SINDPD-AL\",\"description\":\"SIND TRAB EMP ORG PUB PRIV PROC DE DADOS DE AL\",\"potentialAction\":[{\"@type\":\"SearchAction\",\"target\":{\"@type\":\"EntryPoint\",\"urlTemplate\":\"https:\\\/\\\/www.sindpdal.org.br\\\/?s={search_term_string}\"},\"query-input\":{\"@type\":\"PropertyValueSpecification\",\"valueRequired\":true,\"valueName\":\"search_term_string\"}}],\"inLanguage\":\"pt-BR\"}]}<\/script>\n<!-- \/ Yoast SEO plugin. -->","yoast_head_json":{"title":"Conven\u00e7\u00f5es e Acordos &#8211; SINDPD-AL","robots":{"index":"index","follow":"follow","max-snippet":"max-snippet:-1","max-image-preview":"max-image-preview:large","max-video-preview":"max-video-preview:-1"},"canonical":"https:\/\/www.sindpdal.org.br\/index.php\/convencoes-e-acordos\/","og_locale":"pt_BR","og_type":"article","og_title":"Conven\u00e7\u00f5es e Acordos &#8211; SINDPD-AL","og_description":"Voc\u00ea pode consultar as nossas Conven\u00e7\u00f5es Coletivas e os Acordos Coletivos atrav\u00e9s do Sistema de Negocia\u00e7\u00f5es Coletivas de Trabalho (MEDIADOR) disponibilizado no site do Minist\u00e9rio do Trabalho informado abaixo, ou nos links que disponibilizamos. &#8220;Conforme o artigo 614 da CLT, a Conven\u00e7\u00e3o Coletiva de Trabalho, devidamente assinada, ter\u00e1 que ser registrada no site do Minist\u00e9rio [&hellip;]","og_url":"https:\/\/www.sindpdal.org.br\/index.php\/convencoes-e-acordos\/","og_site_name":"SINDPD-AL","article_modified_time":"2024-08-06T18:42:43+00:00","twitter_card":"summary_large_image","twitter_misc":{"Est. tempo de leitura":"1 minuto"},"schema":{"@context":"https:\/\/schema.org","@graph":[{"@type":"WebPage","@id":"https:\/\/www.sindpdal.org.br\/index.php\/convencoes-e-acordos\/","url":"https:\/\/www.sindpdal.org.br\/index.php\/convencoes-e-acordos\/","name":"Conven\u00e7\u00f5es e Acordos &#8211; SINDPD-AL","isPartOf":{"@id":"https:\/\/www.sindpdal.org.br\/#website"},"datePublished":"2016-10-24T23:35:33+00:00","dateModified":"2024-08-06T18:42:43+00:00","breadcrumb":{"@id":"https:\/\/www.sindpdal.org.br\/index.php\/convencoes-e-acordos\/#breadcrumb"},"inLanguage":"pt-BR","potentialAction":[{"@type":"ReadAction","target":["https:\/\/www.sindpdal.org.br\/index.php\/convencoes-e-acordos\/"]}]},{"@type":"BreadcrumbList","@id":"https:\/\/www.sindpdal.org.br\/index.php\/convencoes-e-acordos\/#breadcrumb","itemListElement":[{"@type":"ListItem","position":1,"name":"In\u00edcio","item":"https:\/\/www.sindpdal.org.br\/"},{"@type":"ListItem","position":2,"name":"Conven\u00e7\u00f5es e Acordos"}]},{"@type":"WebSite","@id":"https:\/\/www.sindpdal.org.br\/#website","url":"https:\/\/www.sindpdal.org.br\/","name":"SINDPD-AL","description":"SIND TRAB EMP ORG PUB PRIV PROC DE DADOS DE AL","potentialAction":[{"@type":"SearchAction","target":{"@type":"EntryPoint","urlTemplate":"https:\/\/www.sindpdal.org.br\/?s={search_term_string}"},"query-input":{"@type":"PropertyValueSpecification","valueRequired":true,"valueName":"search_term_string"}}],"inLanguage":"pt-BR"}]}},"_links":{"self":[{"href":"https:\/\/www.sindpdal.org.br\/index.php\/wp-json\/wp\/v2\/pages\/61","targetHints":{"allow":["GET"]}}],"collection":[{"href":"https:\/\/www.sindpdal.org.br\/index.php\/wp-json\/wp\/v2\/pages"}],"about":[{"href":"https:\/\/www.sindpdal.org.br\/index.php\/wp-json\/wp\/v2\/types\/page"}],"author":[{"embeddable":true,"href":"https:\/\/www.sindpdal.org.br\/index.php\/wp-json\/wp\/v2\/users\/1"}],"replies":[{"embeddable":true,"href":"https:\/\/www.sindpdal.org.br\/index.php\/wp-json\/wp\/v2\/comments?post=61"}],"version-history":[{"count":40,"href":"https:\/\/www.sindpdal.org.br\/index.php\/wp-json\/wp\/v2\/pages\/61\/revisions"}],"predecessor-version":[{"id":616,"href":"https:\/\/www.sindpdal.org.br\/index.php\/wp-json\/wp\/v2\/pages\/61\/revisions\/616"}],"wp:attachment":[{"href":"https:\/\/www.sindpdal.org.br\/index.php\/wp-json\/wp\/v2\/media?parent=61"}],"curies":[{"name":"wp","href":"https:\/\/api.w.org\/{rel}","templated":true}]}}

Convenções e Acordos

<p style="text-align: justify;">Você pode consultar as nossas Convenções Coletivas e os Acordos Coletivos através do Sistema de Negociações Coletivas de Trabalho (MEDIADOR) disponibilizado no site do Ministério do Trabalho informado abaixo, ou nos links que disponibilizamos.</p>
<p>&#8220;Conforme o artigo 614 da CLT, a Convenção Coletiva de Trabalho, devidamente assinada, terá que ser registrada no site do Ministério do Trabalho e Emprego (MTE), pelo Sistema Mediador das Relações de Trabalho. Porém, sua eficácia independe do registro no MTE, vez que tal exigência possui fins meramente cadastrais e de publicidade. A eficácia da Convenção Coletiva de Trabalho surge com a assinatura da mesma pelas partes convenentes (no caso, os sindicatos das categorias econômica e profissional).&#8221;</p>
<p style="text-align: justify;">Sistema Mediador: <a href="http://www3.mte.gov.br/sistemas/mediador/ConsultarInstColetivo">http://www3.mte.gov.br/sistemas/mediador/ConsultarInstColetivo</a></p>
<hr />
<h5 style="text-align: justify;">Convenções Coletivas</h5>
<p><a href="https://www.sindpdal.org.br/wp-content/uploads/2024/08/CCT-2024-2025.pdf">CCT 2024-2025</a></p>
<p><a href="https://www.sindpdal.org.br/wp-content/uploads/2023/09/ACT-2023-2024-homologada-MTE.pdf">CCT &#8211; 2023</a></p>
<p><a href="https://www.sindpdal.org.br/wp-content/uploads/2022/10/CONVENÇÃO-COLETIVA-2022-2023-SINDPDAL.docm">CCT &#8211; 2022</a></p>
<p style="text-align: justify;"><a tabindex="-1" href="http://www.sindpdal.org.br/wp-content/uploads/2021/07/CCT-2021-REGISTRADA.doc" target="_blank" rel="noopener">CCT &#8211; 2021</a></p>
<p style="text-align: justify;"><a href="http://www.sindpdal.org.br/wp-content/uploads/2017/04/CCT-2020-2021.pdf">CCT &#8211; 2020</a></p>
<p><a href="http://www.sindpdal.org.br/wp-content/uploads/2019/10/CCT-2019-2020.pdf">CCT &#8211; 2019</a></p>
<p style="text-align: justify;"><span style="color: #0000ff;"><a href="http://www.sindpdal.org.br/wp-content/uploads/2016/10/CCT-2018-3.pdf">CCT &#8211; 2018</a></span></p>
<p style="text-align: justify;"><a href="http://www.sindpdal.org.br/wp-content/uploads/2016/10/CCT-2017.doc">CCT &#8211; 2017</a></p>
<p><a href="http://www.sindpdal.org.br/wp-content/uploads/2016/10/CCT-2016.pdf">CCT &#8211; 2016</a></p>
<p><a href="http://www.sindpdal.org.br/wp-content/uploads/2016/10/CCT-2015.pdf">CCT &#8211; 2015</a></p>
<p><a href="http://www.sindpdal.org.br/wp-content/uploads/2016/10/CCT-2014.pdf">CCT &#8211; 2014</a></p>
<p><a href="http://www.sindpdal.org.br/wp-content/uploads/2016/10/CCT-2013.pdf">CCT &#8211; 2013</a></p>
<p><a href="http://www.sindpdal.org.br/wp-content/uploads/2016/10/CCT-2012.pdf">CCT &#8211; 2012</a></p>
<p><a href="http://www.sindpdal.org.br/wp-content/uploads/2016/10/CCT-2011.pdf">CCT &#8211; 2011</a></p>
<h5>Acordos Coletivos de Trabalhos</h5>
<div id="icpbravoaccess_loaded"></div>
<div id="icpbravoaccess_loaded"></div>
<div id="icpbravoaccess_loaded"></div>
<div id="icpbravoaccess_loaded"></div>
<div id="icpbravoaccess_loaded"></div>

<p>Você pode consultar as nossas Convenções Coletivas e os Acordos Coletivos através do Sistema de Negociações Coletivas de Trabalho (MEDIADOR) disponibilizado no site do Ministério do Trabalho informado abaixo, ou nos links que disponibilizamos. &#8220;Conforme o artigo 614 da CLT, a Convenção Coletiva de Trabalho, devidamente assinada, terá que ser registrada no site do Ministério [&hellip;]</p>

<!-- This site is optimized with the Yoast SEO plugin v27.5 - https://yoast.com/product/yoast-seo-wordpress/ -->
<title>Convenções e Acordos &#8211; SINDPD-AL</title>
<meta name="robots" content="index, follow, max-snippet:-1, max-image-preview:large, max-video-preview:-1" />
<link rel="canonical" href="https://www.sindpdal.org.br/index.php/convencoes-e-acordos/" />
<meta property="og:locale" content="pt_BR" />
<meta property="og:type" content="article" />
<meta property="og:title" content="Convenções e Acordos &#8211; SINDPD-AL" />
<meta property="og:description" content="Você pode consultar as nossas Convenções Coletivas e os Acordos Coletivos através do Sistema de Negociações Coletivas de Trabalho (MEDIADOR) disponibilizado no site do Ministério do Trabalho informado abaixo, ou nos links que disponibilizamos. &#8220;Conforme o artigo 614 da CLT, a Convenção Coletiva de Trabalho, devidamente assinada, terá que ser registrada no site do Ministério [&hellip;]" />
<meta property="og:url" content="https://www.sindpdal.org.br/index.php/convencoes-e-acordos/" />
<meta property="og:site_name" content="SINDPD-AL" />
<meta property="article:modified_time" content="2024-08-06T18:42:43+00:00" />
<meta name="twitter:card" content="summary_large_image" />
<meta name="twitter:label1" content="Est. tempo de leitura" />
	<meta name="twitter:data1" content="1 minuto" />
<script type="application/ld+json" class="yoast-schema-graph">{"@context":"https:\/\/schema.org","@graph":[{"@type":"WebPage","@id":"https:\/\/www.sindpdal.org.br\/index.php\/convencoes-e-acordos\/","url":"https:\/\/www.sindpdal.org.br\/index.php\/convencoes-e-acordos\/","name":"Convenções e Acordos &#8211; SINDPD-AL","isPartOf":{"@id":"https:\/\/www.sindpdal.org.br\/#website"},"datePublished":"2016-10-24T23:35:33+00:00","dateModified":"2024-08-06T18:42:43+00:00","breadcrumb":{"@id":"https:\/\/www.sindpdal.org.br\/index.php\/convencoes-e-acordos\/#breadcrumb"},"inLanguage":"pt-BR","potentialAction":[{"@type":"ReadAction","target":["https:\/\/www.sindpdal.org.br\/index.php\/convencoes-e-acordos\/"]}]},{"@type":"BreadcrumbList","@id":"https:\/\/www.sindpdal.org.br\/index.php\/convencoes-e-acordos\/#breadcrumb","itemListElement":[{"@type":"ListItem","position":1,"name":"Início","item":"https:\/\/www.sindpdal.org.br\/"},{"@type":"ListItem","position":2,"name":"Convenções e Acordos"}]},{"@type":"WebSite","@id":"https:\/\/www.sindpdal.org.br\/#website","url":"https:\/\/www.sindpdal.org.br\/","name":"SINDPD-AL","description":"SIND TRAB EMP ORG PUB PRIV PROC DE DADOS DE AL","potentialAction":[{"@type":"SearchAction","target":{"@type":"EntryPoint","urlTemplate":"https:\/\/www.sindpdal.org.br\/?s={search_term_string}"},"query-input":{"@type":"PropertyValueSpecification","valueRequired":true,"valueName":"search_term_string"}}],"inLanguage":"pt-BR"}]}</script>
<!-- / Yoast SEO plugin. -->

Convenções e Acordos &#8211; SINDPD-AL

Você pode consultar as nossas Convenções Coletivas e os Acordos Coletivos através do Sistema de Negociações Coletivas de Trabalho (MEDIADOR) disponibilizado no site do Ministério do Trabalho informado abaixo, ou nos links que disponibilizamos. &#8220;Conforme o artigo 614 da CLT, a Convenção Coletiva de Trabalho, devidamente assinada, terá que ser registrada no site do Ministério [&hellip;]

Início
