{"id":252,"date":"2017-03-29T01:32:43","date_gmt":"2017-03-29T04:32:43","guid":{"rendered":"http:\/\/www.sindpdal.org.br\/?page_id=252"},"modified":"2017-03-29T03:04:53","modified_gmt":"2017-03-29T06:04:53","slug":"formulario-de-filiacaosindicalizacao","status":"publish","type":"page","link":"https:\/\/www.sindpdal.org.br\/index.php\/formulario-de-filiacaosindicalizacao\/","title":{"rendered":"Formul\u00e1rio de Filia\u00e7\u00e3o\/Sindicaliza\u00e7\u00e3o"},"content":{"rendered":"<p>Fortale\u00e7a nosso sindicato, junte-se a n\u00f3s!<\/p>\n<p>Seja um sindicalizado do SINDPD-ALAGOAS, imprima o formul\u00e1rio de filia\u00e7\u00e3o\/sindicaliza\u00e7\u00e3o e preencha todos os campos, inclusive os dados dependentes, assine o formul\u00e1rio autorizando o desconto da mensalidade, esacaneie e envie para sindpdal@gmail.com<\/p>\n<p>Reorganizar para avan\u00e7ar!<\/p>\n<p><a href=\"http:\/\/www.sindpdal.org.br\/wp-content\/uploads\/2017\/03\/FICHA-DE-SINDICALIZA\u00c7\u00c3O-FILIA\u00c7\u00c3O.pdf\">ficha-de-sindicalizacao-filiacao<\/a><\/p>\n","protected":false},"excerpt":{"rendered":"<p>Fortale\u00e7a nosso sindicato, junte-se a n\u00f3s! Seja um sindicalizado do SINDPD-ALAGOAS, imprima o formul\u00e1rio de filia\u00e7\u00e3o\/sindicaliza\u00e7\u00e3o e preencha todos os campos, inclusive os dados dependentes, assine o formul\u00e1rio autorizando o desconto da mensalidade, esacaneie e envie para sindpdal@gmail.com Reorganizar para avan\u00e7ar! ficha-de-sindicalizacao-filiacao<\/p>\n","protected":false},"author":1,"featured_media":0,"parent":0,"menu_order":0,"comment_status":"closed","ping_status":"closed","template":"","meta":{"footnotes":""},"class_list":["post-252","page","type-page","status-publish","hentry"],"yoast_head":"<!-- This site is optimized with the Yoast SEO plugin v27.4 - https:\/\/yoast.com\/product\/yoast-seo-wordpress\/ -->\n<title>Formul\u00e1rio de Filia\u00e7\u00e3o\/Sindicaliza\u00e7\u00e3o &#8211; SINDPD-AL<\/title>\n<meta name=\"robots\" content=\"index, follow, max-snippet:-1, max-image-preview:large, max-video-preview:-1\" \/>\n<link rel=\"canonical\" href=\"https:\/\/www.sindpdal.org.br\/index.php\/formulario-de-filiacaosindicalizacao\/\" \/>\n<meta property=\"og:locale\" content=\"pt_BR\" \/>\n<meta property=\"og:type\" content=\"article\" \/>\n<meta property=\"og:title\" content=\"Formul\u00e1rio de Filia\u00e7\u00e3o\/Sindicaliza\u00e7\u00e3o &#8211; SINDPD-AL\" \/>\n<meta property=\"og:description\" content=\"Fortale\u00e7a nosso sindicato, junte-se a n\u00f3s! Seja um sindicalizado do SINDPD-ALAGOAS, imprima o formul\u00e1rio de filia\u00e7\u00e3o\/sindicaliza\u00e7\u00e3o e preencha todos os campos, inclusive os dados dependentes, assine o formul\u00e1rio autorizando o desconto da mensalidade, esacaneie e envie para sindpdal@gmail.com Reorganizar para avan\u00e7ar! ficha-de-sindicalizacao-filiacao\" \/>\n<meta property=\"og:url\" content=\"https:\/\/www.sindpdal.org.br\/index.php\/formulario-de-filiacaosindicalizacao\/\" \/>\n<meta property=\"og:site_name\" content=\"SINDPD-AL\" \/>\n<meta property=\"article:modified_time\" content=\"2017-03-29T06:04:53+00:00\" \/>\n<meta name=\"twitter:card\" content=\"summary_large_image\" \/>\n<script type=\"application\/ld+json\" class=\"yoast-schema-graph\">{\"@context\":\"https:\\\/\\\/schema.org\",\"@graph\":[{\"@type\":\"WebPage\",\"@id\":\"https:\\\/\\\/www.sindpdal.org.br\\\/index.php\\\/formulario-de-filiacaosindicalizacao\\\/\",\"url\":\"https:\\\/\\\/www.sindpdal.org.br\\\/index.php\\\/formulario-de-filiacaosindicalizacao\\\/\",\"name\":\"Formul\u00e1rio de Filia\u00e7\u00e3o\\\/Sindicaliza\u00e7\u00e3o &#8211; SINDPD-AL\",\"isPartOf\":{\"@id\":\"https:\\\/\\\/www.sindpdal.org.br\\\/#website\"},\"datePublished\":\"2017-03-29T04:32:43+00:00\",\"dateModified\":\"2017-03-29T06:04:53+00:00\",\"breadcrumb\":{\"@id\":\"https:\\\/\\\/www.sindpdal.org.br\\\/index.php\\\/formulario-de-filiacaosindicalizacao\\\/#breadcrumb\"},\"inLanguage\":\"pt-BR\",\"potentialAction\":[{\"@type\":\"ReadAction\",\"target\":[\"https:\\\/\\\/www.sindpdal.org.br\\\/index.php\\\/formulario-de-filiacaosindicalizacao\\\/\"]}]},{\"@type\":\"BreadcrumbList\",\"@id\":\"https:\\\/\\\/www.sindpdal.org.br\\\/index.php\\\/formulario-de-filiacaosindicalizacao\\\/#breadcrumb\",\"itemListElement\":[{\"@type\":\"ListItem\",\"position\":1,\"name\":\"In\u00edcio\",\"item\":\"https:\\\/\\\/www.sindpdal.org.br\\\/\"},{\"@type\":\"ListItem\",\"position\":2,\"name\":\"Formul\u00e1rio de Filia\u00e7\u00e3o\\\/Sindicaliza\u00e7\u00e3o\"}]},{\"@type\":\"WebSite\",\"@id\":\"https:\\\/\\\/www.sindpdal.org.br\\\/#website\",\"url\":\"https:\\\/\\\/www.sindpdal.org.br\\\/\",\"name\":\"SINDPD-AL\",\"description\":\"SIND TRAB EMP ORG PUB PRIV PROC DE DADOS DE AL\",\"potentialAction\":[{\"@type\":\"SearchAction\",\"target\":{\"@type\":\"EntryPoint\",\"urlTemplate\":\"https:\\\/\\\/www.sindpdal.org.br\\\/?s={search_term_string}\"},\"query-input\":{\"@type\":\"PropertyValueSpecification\",\"valueRequired\":true,\"valueName\":\"search_term_string\"}}],\"inLanguage\":\"pt-BR\"}]}<\/script>\n<!-- \/ Yoast SEO plugin. -->","yoast_head_json":{"title":"Formul\u00e1rio de Filia\u00e7\u00e3o\/Sindicaliza\u00e7\u00e3o &#8211; SINDPD-AL","robots":{"index":"index","follow":"follow","max-snippet":"max-snippet:-1","max-image-preview":"max-image-preview:large","max-video-preview":"max-video-preview:-1"},"canonical":"https:\/\/www.sindpdal.org.br\/index.php\/formulario-de-filiacaosindicalizacao\/","og_locale":"pt_BR","og_type":"article","og_title":"Formul\u00e1rio de Filia\u00e7\u00e3o\/Sindicaliza\u00e7\u00e3o &#8211; SINDPD-AL","og_description":"Fortale\u00e7a nosso sindicato, junte-se a n\u00f3s! Seja um sindicalizado do SINDPD-ALAGOAS, imprima o formul\u00e1rio de filia\u00e7\u00e3o\/sindicaliza\u00e7\u00e3o e preencha todos os campos, inclusive os dados dependentes, assine o formul\u00e1rio autorizando o desconto da mensalidade, esacaneie e envie para sindpdal@gmail.com Reorganizar para avan\u00e7ar! ficha-de-sindicalizacao-filiacao","og_url":"https:\/\/www.sindpdal.org.br\/index.php\/formulario-de-filiacaosindicalizacao\/","og_site_name":"SINDPD-AL","article_modified_time":"2017-03-29T06:04:53+00:00","twitter_card":"summary_large_image","schema":{"@context":"https:\/\/schema.org","@graph":[{"@type":"WebPage","@id":"https:\/\/www.sindpdal.org.br\/index.php\/formulario-de-filiacaosindicalizacao\/","url":"https:\/\/www.sindpdal.org.br\/index.php\/formulario-de-filiacaosindicalizacao\/","name":"Formul\u00e1rio de Filia\u00e7\u00e3o\/Sindicaliza\u00e7\u00e3o &#8211; SINDPD-AL","isPartOf":{"@id":"https:\/\/www.sindpdal.org.br\/#website"},"datePublished":"2017-03-29T04:32:43+00:00","dateModified":"2017-03-29T06:04:53+00:00","breadcrumb":{"@id":"https:\/\/www.sindpdal.org.br\/index.php\/formulario-de-filiacaosindicalizacao\/#breadcrumb"},"inLanguage":"pt-BR","potentialAction":[{"@type":"ReadAction","target":["https:\/\/www.sindpdal.org.br\/index.php\/formulario-de-filiacaosindicalizacao\/"]}]},{"@type":"BreadcrumbList","@id":"https:\/\/www.sindpdal.org.br\/index.php\/formulario-de-filiacaosindicalizacao\/#breadcrumb","itemListElement":[{"@type":"ListItem","position":1,"name":"In\u00edcio","item":"https:\/\/www.sindpdal.org.br\/"},{"@type":"ListItem","position":2,"name":"Formul\u00e1rio de Filia\u00e7\u00e3o\/Sindicaliza\u00e7\u00e3o"}]},{"@type":"WebSite","@id":"https:\/\/www.sindpdal.org.br\/#website","url":"https:\/\/www.sindpdal.org.br\/","name":"SINDPD-AL","description":"SIND TRAB EMP ORG PUB PRIV PROC DE DADOS DE AL","potentialAction":[{"@type":"SearchAction","target":{"@type":"EntryPoint","urlTemplate":"https:\/\/www.sindpdal.org.br\/?s={search_term_string}"},"query-input":{"@type":"PropertyValueSpecification","valueRequired":true,"valueName":"search_term_string"}}],"inLanguage":"pt-BR"}]}},"_links":{"self":[{"href":"https:\/\/www.sindpdal.org.br\/index.php\/wp-json\/wp\/v2\/pages\/252","targetHints":{"allow":["GET"]}}],"collection":[{"href":"https:\/\/www.sindpdal.org.br\/index.php\/wp-json\/wp\/v2\/pages"}],"about":[{"href":"https:\/\/www.sindpdal.org.br\/index.php\/wp-json\/wp\/v2\/types\/page"}],"author":[{"embeddable":true,"href":"https:\/\/www.sindpdal.org.br\/index.php\/wp-json\/wp\/v2\/users\/1"}],"replies":[{"embeddable":true,"href":"https:\/\/www.sindpdal.org.br\/index.php\/wp-json\/wp\/v2\/comments?post=252"}],"version-history":[{"count":3,"href":"https:\/\/www.sindpdal.org.br\/index.php\/wp-json\/wp\/v2\/pages\/252\/revisions"}],"predecessor-version":[{"id":268,"href":"https:\/\/www.sindpdal.org.br\/index.php\/wp-json\/wp\/v2\/pages\/252\/revisions\/268"}],"wp:attachment":[{"href":"https:\/\/www.sindpdal.org.br\/index.php\/wp-json\/wp\/v2\/media?parent=252"}],"curies":[{"name":"wp","href":"https:\/\/api.w.org\/{rel}","templated":true}]}}