{"id":25,"date":"2000-01-01T00:00:41","date_gmt":"2000-01-01T02:00:41","guid":{"rendered":"http:\/\/www.sindpdal.org.br\/?page_id=25"},"modified":"2017-03-29T03:03:15","modified_gmt":"2017-03-29T06:03:15","slug":"filie-se","status":"publish","type":"page","link":"https:\/\/www.sindpdal.org.br\/index.php\/filie-se\/","title":{"rendered":"Filie-se"},"content":{"rendered":"<h3 class=\"grey lighten-3\">O que \u00e9 um sindicato?<\/h3>\n<p style=\"text-align: justify;\">Um Sindicato \u00e9 uma associa\u00e7\u00e3o de trabalhadores tendo como fun\u00e7\u00e3o defender os seus interesses e direitos enquanto tais.\u00a0Cada trabalhador \u00e9 livre de participar na constitui\u00e7\u00e3o de um sindicato e dele se tornar s\u00f3cio, sendo o conjunto dos trabalhadores organizados num sindicato livre de estruturar e regular o seu funcionamento e definir as formas e os objetivos da a\u00e7\u00e3o coletiva.<\/p>\n<h3 style=\"text-align: justify;\">Por que a filia\u00e7\u00e3o \u00e9 Importante?<\/h3>\n<p style=\"text-align: justify;\">O Sindicato \u00e9 uma entidade representativa. Equivale a dizer que o Sindicato \u00e9 formado por todos n\u00f3s, que trabalhamos no setor de inform\u00e1tica. \u00c0 Diretoria cabe o trabalho de organizar os trabalhadores. Entretanto, a verdadeira for\u00e7a do Sindicato vem dos trabalhadores, atrav\u00e9s da sua participa\u00e7\u00e3o. Estar filiado, portanto, \u00e9 dizer sim, tanto \u00e0 defesa dos direitos que j\u00e1 temos, quanto \u00e0 busca por novas conquistas.<\/p>\n<h3 style=\"text-align: justify;\">Como se filiar?<\/h3>\n<p style=\"text-align: justify;\">Seja um sindicalizado do SINDPD-ALAGOAS, imprima o formul\u00e1rio de filia\u00e7\u00e3o\/sindicaliza\u00e7\u00e3o e preencha todos os campos, inclusive dos dependentes, assine o formul\u00e1rio autorizando o desconto da mensalidade, esacaneie e envie para sindpdal@gmail.com<\/p>\n<p style=\"text-align: justify;\">Ligue para nossa sede e procure falar com um de nossos diretores. O mesmo visitar\u00e1 o local de trabalho e comunicar\u00e1 a sua Empresa sobre as devidas provid\u00eancias em rela\u00e7\u00e3o aos descontos previstos no Artigo 545 da CLT (Consolida\u00e7\u00e3o das Leis do Trabalho) e Art. 8\u00ba da Constitui\u00e7\u00e3o Federal que prev\u00ea desconto de 1% (um por cento) sobre o valor nominal do sal\u00e1rio do trabalhador.<\/p>\n<p style=\"text-align: justify;\"><span style=\"color: #ff0000;\"><a style=\"color: #ff0000;\" href=\"http:\/\/www.sindpdal.org.br\/wp-content\/uploads\/2017\/03\/FICHA-DE-SINDICALIZA\u00c7\u00c3O-FILIA\u00c7\u00c3O.pdf\">ficha-de-sindicalizacao-filiacao<\/a><\/span><\/p>\n","protected":false},"excerpt":{"rendered":"<p>O que \u00e9 um sindicato? Um Sindicato \u00e9 uma associa\u00e7\u00e3o de trabalhadores tendo como fun\u00e7\u00e3o defender os seus interesses e direitos enquanto tais.\u00a0Cada trabalhador \u00e9 livre de participar na constitui\u00e7\u00e3o de um sindicato e dele se tornar s\u00f3cio, sendo o conjunto dos trabalhadores organizados num sindicato livre de estruturar e regular o seu funcionamento e [&hellip;]<\/p>\n","protected":false},"author":1,"featured_media":0,"parent":0,"menu_order":3,"comment_status":"closed","ping_status":"closed","template":"","meta":{"footnotes":""},"class_list":["post-25","page","type-page","status-publish","hentry"],"yoast_head":"<!-- This site is optimized with the Yoast SEO plugin v27.4 - https:\/\/yoast.com\/product\/yoast-seo-wordpress\/ -->\n<title>Filie-se &#8211; SINDPD-AL<\/title>\n<meta name=\"robots\" content=\"index, follow, max-snippet:-1, max-image-preview:large, max-video-preview:-1\" \/>\n<link rel=\"canonical\" href=\"https:\/\/www.sindpdal.org.br\/index.php\/filie-se\/\" \/>\n<meta property=\"og:locale\" content=\"pt_BR\" \/>\n<meta property=\"og:type\" content=\"article\" \/>\n<meta property=\"og:title\" content=\"Filie-se &#8211; SINDPD-AL\" \/>\n<meta property=\"og:description\" content=\"O que \u00e9 um sindicato? Um Sindicato \u00e9 uma associa\u00e7\u00e3o de trabalhadores tendo como fun\u00e7\u00e3o defender os seus interesses e direitos enquanto tais.\u00a0Cada trabalhador \u00e9 livre de participar na constitui\u00e7\u00e3o de um sindicato e dele se tornar s\u00f3cio, sendo o conjunto dos trabalhadores organizados num sindicato livre de estruturar e regular o seu funcionamento e [&hellip;]\" \/>\n<meta property=\"og:url\" content=\"https:\/\/www.sindpdal.org.br\/index.php\/filie-se\/\" \/>\n<meta property=\"og:site_name\" content=\"SINDPD-AL\" \/>\n<meta property=\"article:modified_time\" content=\"2017-03-29T06:03:15+00:00\" \/>\n<meta name=\"twitter:card\" content=\"summary_large_image\" \/>\n<meta name=\"twitter:label1\" content=\"Est. tempo de leitura\" \/>\n\t<meta name=\"twitter:data1\" content=\"1 minuto\" \/>\n<script type=\"application\/ld+json\" class=\"yoast-schema-graph\">{\"@context\":\"https:\\\/\\\/schema.org\",\"@graph\":[{\"@type\":\"WebPage\",\"@id\":\"https:\\\/\\\/www.sindpdal.org.br\\\/index.php\\\/filie-se\\\/\",\"url\":\"https:\\\/\\\/www.sindpdal.org.br\\\/index.php\\\/filie-se\\\/\",\"name\":\"Filie-se &#8211; SINDPD-AL\",\"isPartOf\":{\"@id\":\"https:\\\/\\\/www.sindpdal.org.br\\\/#website\"},\"datePublished\":\"2000-01-01T02:00:41+00:00\",\"dateModified\":\"2017-03-29T06:03:15+00:00\",\"breadcrumb\":{\"@id\":\"https:\\\/\\\/www.sindpdal.org.br\\\/index.php\\\/filie-se\\\/#breadcrumb\"},\"inLanguage\":\"pt-BR\",\"potentialAction\":[{\"@type\":\"ReadAction\",\"target\":[\"https:\\\/\\\/www.sindpdal.org.br\\\/index.php\\\/filie-se\\\/\"]}]},{\"@type\":\"BreadcrumbList\",\"@id\":\"https:\\\/\\\/www.sindpdal.org.br\\\/index.php\\\/filie-se\\\/#breadcrumb\",\"itemListElement\":[{\"@type\":\"ListItem\",\"position\":1,\"name\":\"In\u00edcio\",\"item\":\"https:\\\/\\\/www.sindpdal.org.br\\\/\"},{\"@type\":\"ListItem\",\"position\":2,\"name\":\"Filie-se\"}]},{\"@type\":\"WebSite\",\"@id\":\"https:\\\/\\\/www.sindpdal.org.br\\\/#website\",\"url\":\"https:\\\/\\\/www.sindpdal.org.br\\\/\",\"name\":\"SINDPD-AL\",\"description\":\"SIND TRAB EMP ORG PUB PRIV PROC DE DADOS DE AL\",\"potentialAction\":[{\"@type\":\"SearchAction\",\"target\":{\"@type\":\"EntryPoint\",\"urlTemplate\":\"https:\\\/\\\/www.sindpdal.org.br\\\/?s={search_term_string}\"},\"query-input\":{\"@type\":\"PropertyValueSpecification\",\"valueRequired\":true,\"valueName\":\"search_term_string\"}}],\"inLanguage\":\"pt-BR\"}]}<\/script>\n<!-- \/ Yoast SEO plugin. -->","yoast_head_json":{"title":"Filie-se &#8211; SINDPD-AL","robots":{"index":"index","follow":"follow","max-snippet":"max-snippet:-1","max-image-preview":"max-image-preview:large","max-video-preview":"max-video-preview:-1"},"canonical":"https:\/\/www.sindpdal.org.br\/index.php\/filie-se\/","og_locale":"pt_BR","og_type":"article","og_title":"Filie-se &#8211; SINDPD-AL","og_description":"O que \u00e9 um sindicato? Um Sindicato \u00e9 uma associa\u00e7\u00e3o de trabalhadores tendo como fun\u00e7\u00e3o defender os seus interesses e direitos enquanto tais.\u00a0Cada trabalhador \u00e9 livre de participar na constitui\u00e7\u00e3o de um sindicato e dele se tornar s\u00f3cio, sendo o conjunto dos trabalhadores organizados num sindicato livre de estruturar e regular o seu funcionamento e [&hellip;]","og_url":"https:\/\/www.sindpdal.org.br\/index.php\/filie-se\/","og_site_name":"SINDPD-AL","article_modified_time":"2017-03-29T06:03:15+00:00","twitter_card":"summary_large_image","twitter_misc":{"Est. tempo de leitura":"1 minuto"},"schema":{"@context":"https:\/\/schema.org","@graph":[{"@type":"WebPage","@id":"https:\/\/www.sindpdal.org.br\/index.php\/filie-se\/","url":"https:\/\/www.sindpdal.org.br\/index.php\/filie-se\/","name":"Filie-se &#8211; SINDPD-AL","isPartOf":{"@id":"https:\/\/www.sindpdal.org.br\/#website"},"datePublished":"2000-01-01T02:00:41+00:00","dateModified":"2017-03-29T06:03:15+00:00","breadcrumb":{"@id":"https:\/\/www.sindpdal.org.br\/index.php\/filie-se\/#breadcrumb"},"inLanguage":"pt-BR","potentialAction":[{"@type":"ReadAction","target":["https:\/\/www.sindpdal.org.br\/index.php\/filie-se\/"]}]},{"@type":"BreadcrumbList","@id":"https:\/\/www.sindpdal.org.br\/index.php\/filie-se\/#breadcrumb","itemListElement":[{"@type":"ListItem","position":1,"name":"In\u00edcio","item":"https:\/\/www.sindpdal.org.br\/"},{"@type":"ListItem","position":2,"name":"Filie-se"}]},{"@type":"WebSite","@id":"https:\/\/www.sindpdal.org.br\/#website","url":"https:\/\/www.sindpdal.org.br\/","name":"SINDPD-AL","description":"SIND TRAB EMP ORG PUB PRIV PROC DE DADOS DE AL","potentialAction":[{"@type":"SearchAction","target":{"@type":"EntryPoint","urlTemplate":"https:\/\/www.sindpdal.org.br\/?s={search_term_string}"},"query-input":{"@type":"PropertyValueSpecification","valueRequired":true,"valueName":"search_term_string"}}],"inLanguage":"pt-BR"}]}},"_links":{"self":[{"href":"https:\/\/www.sindpdal.org.br\/index.php\/wp-json\/wp\/v2\/pages\/25","targetHints":{"allow":["GET"]}}],"collection":[{"href":"https:\/\/www.sindpdal.org.br\/index.php\/wp-json\/wp\/v2\/pages"}],"about":[{"href":"https:\/\/www.sindpdal.org.br\/index.php\/wp-json\/wp\/v2\/types\/page"}],"author":[{"embeddable":true,"href":"https:\/\/www.sindpdal.org.br\/index.php\/wp-json\/wp\/v2\/users\/1"}],"replies":[{"embeddable":true,"href":"https:\/\/www.sindpdal.org.br\/index.php\/wp-json\/wp\/v2\/comments?post=25"}],"version-history":[{"count":7,"href":"https:\/\/www.sindpdal.org.br\/index.php\/wp-json\/wp\/v2\/pages\/25\/revisions"}],"predecessor-version":[{"id":266,"href":"https:\/\/www.sindpdal.org.br\/index.php\/wp-json\/wp\/v2\/pages\/25\/revisions\/266"}],"wp:attachment":[{"href":"https:\/\/www.sindpdal.org.br\/index.php\/wp-json\/wp\/v2\/media?parent=25"}],"curies":[{"name":"wp","href":"https:\/\/api.w.org\/{rel}","templated":true}]}}